(h) = -3453*h - 31081. Calculate w(-9).
-4
Let u(m) = 2*m**2 - 42*m + 241. Calculate u(10).
21
Let k(y) = 2*y**3 - 95*y**2 + 46*y + 45. Give k(47).
-2
Let d(r) = 496*r + 845. What is d(-2)?
-147
Let o(v) = v**3 - 17*v**2 + 24*v - 9. Determine o(16).
119
Let b(h) = 107*h + 1388. What is b(-13)?
-3
Let v(t) = -2*t**3 + 15*t**2 + 41*t + 94. What is v(10)?
4
Let j(c) = -4*c**2 + 124*c + 75. What is j(32)?
-53
Let h(i) = -132*i + 2394. Calculate h(18).
18
Let s(o) = 70*o + 1026. Give s(-16).
-94
Let i(k) = 11*k - 413. Determine i(25).
-138
Let m(j) = j**2 - 13*j - 121. Give m(19).
-7
Let q(i) = 187*i - 1741. What is q(9)?
-58
Let u(q) = -527*q + 8210. Calculate u(16).
-222
Let l(d) = 68*d + 543. Determine l(-11).
-205
Let g(q) = 7*q**2 - 154*q + 245. Calculate g(20).
-35
Let p(s) = 8*s + 480. What is p(-50)?
80
Let d(y) = y**3 + 4*y**2 - 150*y - 13. Determine d(9).
-310
Let m(d) = d**3 + 91*d**2 + 175*d - 268. What is m(-89)?
-1
Let g(d) = -8297*d - 91263. Determine g(-11).
4
Let k(l) = 47*l + 403. What is k(-11)?
-114
Let r(b) = -28*b - 2217. What is r(-82)?
79
Let t(u) = 1001*u - 12935. Give t(13).
78
Let r(f) = 8028*f - 48162. What is r(6)?
6
Let s(w) = -w**3 - 10*w**2 + 29*w + 11. Calculate s(-8).
-349
Let k(b) = 14*b**3 - 3*b**2 - 27*b + 189. Calculate k(4).
929
Let g(i) = -7*i**2 + 17*i - 7. What is g(9)?
-421
Let k(u) = 1457*u + 23. Give k(0).
23
Let o(m) = -188*m + 1645. Give o(9).
-47
Let t(g) = 28*g - 362. What is t(12)?
-26
Let z(v) = 484*v - 11165. What is z(23)?
-33
Let c(f) = -539*f - 9159. Determine c(-17).
4
Let f(d) = -26512*d - 53024. Give f(-2).
0
Let o(h) = h**3 + 82*h**2 - 81*h + 145. Calculate o(-83).
-21
Let v(d) = 2*d**3 - 11*d**2 - 11*d + 71. Give v(5).
-9
Let v(j) = -j**3 - 22*j**2 + 32*j + 258. Calculate v(-23).
51
Let y(u) = -u**2 + 233*u + 1. What is y(0)?
1
Let l(i) = 30*i**2 - 75*i - 153. Determine l(-2).
117
Let j(l) = -l**3 + 146*l**2 - 699*l - 830. Give j(141).
16
Let a(f) = -3*f**2 - 350*f - 2484. Give a(-109).
23
Let t(m) = 44*m**2 + 3*m - 11. What is t(-2)?
159
Let k(s) = 44*s + 544. Determine k(-16).
-160
Let b(l) = l**2 + 30*l + 146. Calculate b(-21).
-43
Let v(z) = 2*z**3 - 12*z**2 - 65*z + 3. Determine v(-6).
-471
Let a(b) = -b**2 + 20*b + 103. What is a(32)?
-281
Let u(n) = n**3 + 4*n**2 - 29*n - 53. Calculate u(-9).
-197
Let r(p) = 3*p**2 - 32*p - 343. What is r(19)?
132
Let x(l) = 8*l**2 + 6*l - 2. What is x(-2)?
18
Let r(q) = 2*q**2 - 75*q + 129. Give r(37).
92
Let h(o) = -o**3 + 24*o**2 - 2*o + 37. Calculate h(24).
-11
Let f(q) = 23*q**2 - 2*q + 13. Calculate f(-2).
109
Let j(o) = -2*o**2 - 27*o + 4. Calculate j(0).
4
Let c(a) = -7*a + 142. Give c(16).
30
Let s(a) = 12*a**2 + 5*a - 1. Calculate s(-2).
37
Let v(y) = -y**2 + 52*y - 663. Calculate v(20).
-23
Let r(v) = -v**3 + 22*v**2 - 17*v - 77. Determine r(21).
7
Let g(b) = -b**3 - 5*b**2 + 133*b + 732. What is g(-11)?
-5
Let u(c) = -5*c + 112. Determine u(21).
7
Let m(a) = -a**2 - 34*a - 192. What is m(-22)?
72
Let n(b) = 3*b**3 + 3*b**2 - 19*b + 101. What is n(5)?
456
Let z(j) = 4*j**2 + 179*j - 635. What is z(-48)?
-11
Let u(x) = 4822*x - 14475. What is u(3)?
-9
Let g(r) = r**3 + 58*r**2 - 57*r + 165. What is g(-59)?
47
Let u(x) = -x**3 - 11*x**2 - 68*x - 105. What is u(-2)?
-5
Let f(k) = k**3 - 21*k**2 - 25*k + 63. Give f(22).
-3
Let p(c) = -82*c + 5445. Determine p(66).
33
Let m(s) = 6*s**3 + 35*s**2 + 13*s + 102. Give m(-6).
-12
Let f(s) = 6*s**2 - 626*s - 3733. What is f(110)?
7
Let q(l) = -l**2 - 24*l + 7948. Determine q(-102).
-8
Let u(v) = -14*v + 556. Give u(40).
-4
Let l(s) = 195*s - 2734. Give l(14).
-4
Let v(k) = 21*k + 16. What is v(-2)?
-26
Let g(n) = -n**2 + 39*n - 127. Calculate g(35).
13
Let a(f) = 17*f + 219. Determine a(-13).
-2
Let s(l) = -85*l**2 - 316*l + 4. Determine s(-4).
-92
Let q(l) = 2*l**2 - 1279*l + 5092. Give q(4).
8
Let v(b) = b**2 + 394*b - 1191. Calculate v(3).
0
Let r(u) = -34*u**3 - 42*u**2 + 9*u - 4. Give r(-2).
82
Let m(t) = -5*t + 44. Determine m(7).
9
Let u(k) = 268*k + 3880. Calculate u(-14).
128
Let q(f) = f**3 + 4*f**2 - 2*f - 3. Calculate q(-4).
5
Let a(g) = g**3 + 10*g**2 + 4*g - 106. Calculate a(-6).
14
Let k(m) = -2*m**3 - 174*m**2 + 2153*m - 323. Determine k(-98).
-29
Let m(c) = 97*c + 444. What is m(-5)?
-41
Let n(x) = -x**3 - 21*x**2 - 26*x - 543. What is n(-21)?
3
Let n(o) = 374*o + 26529. Calculate n(-71).
-25
Let a(u) = 143*u - 14. What is a(-2)?
-300
Let q(r) = -r**3 + r**2 + 147*r - 550. Give q(4).
-10
Let c(g) = -g**3 - 24*g**2 - 46*g - 474. Calculate c(-23).
55
Let j(u) = 55*u - 912. Determine j(16).
-32
Let g(s) = -2*s**2 + 379*s - 766. Determine g(2).
-16
Let r(v) = 25*v**2. Give r(1).
25
Let l(d) = 49*d - 310. Calculate l(8).
82
Let x(k) = 16*k**3 + 4*k**2 - 26*k - 28. Give x(-1).
-14
Let f(g) = -278*g - 6141. Calculate f(-22).
-25
Let l(z) = -z**2 + 29*z + 10. Calculate l(0).
10
Let g(j) = -j**3 - 3*j**2 + 700*j - 23. Give g(25).
-23
Let q(r) = 40*r + 410. What is q(-11)?
-30
Let r(q) = q**3 - 84*q**2 + 321*q - 50. What is r(80)?
30
Let r(c) = 13*c**2 - 8*c + 3. What is r(6)?
423
Let t(v) = -1587*v + 12695. What is t(8)?
-1
Let w(i) = -179*i + 17901. Calculate w(100).
1
Let f(q) = q**3 + 27*q**2 + 48*q + 382. Determine f(-26).
-190
Let o(k) = 30*k - 347. What is o(13)?
43
Let s(f) = 395*f + 5593. What is s(-14)?
63
Let r(f) = 25*f**2 + 630*f + 155. Calculate r(-25).
30
Let f(d) = d - 192. Give f(23).
-169
Let l(r) = 2*r**2 - 59*r + 299. Calculate l(23).
0
Let a(c) = c**3 - 35*c**2 + 33*c + 69. Calculate a(34).
35
Let w(q) = -60*q - 842. Determine w(-14).
-2
Let x(i) = -51*i**2 + 2839*i + 942. What is x(56)?
-10
Let x(o) = 6*o**3 + 116*o**2 + 29*o - 160. What is x(-19)?
11
Let u(z) = -1314*z + 6344. Give u(5).
-226
Let j(r) = -108*r**2 - 22*r - 21. Calculate j(-1).
-107
Let i(c) = -225*c - 21841. What is i(-97)?
-16
Let w(t) = -t**3 + 8*t**2 + 5*t - 28. Give w(8).
12
Let v(t) = -7*t**2 + 149*t + 19. Calculate v(21).
61
Let h(z) = 23*z - 1268. Give h(56).
20
Let a(q) = 26*q + 1869. Give a(-74).
-55
Let p(w) = -3168*w - 3182. Determine p(-1).
-14
Let g(d) = -d**3 + 27*d**2 + 281*d + 16. Give g(35).
51
Let p(r) = -854*r + 20511. Calculate p(24).
15
Let k(i) = -6*i**2 + 6. Calculate k(4).
-90
Let p(y) = -7*y**2 - 226*y + 1760. Determine p(8).
-496
Let x(j) = 5*j**2 + 13*j - 16. What is x(1)?
2
Let b(j) = -j**3 + 8*j**2 - 8*j + 53. Calculate b(7).
46
Let w(l) = l**3 + 45*l**2 - 45*l + 27. What is w(-46)?
-19
Let z(s) = -1198*s + 39521. Calculate z(33).
-13
Let w(p) = 39*p**2 + 379*p - 97. What is w(-10)?
13
Let j(y) = 2*y**3 - 12*y**2 - 14*y - 31. Give j(8).
113
Let x(q) = q**3 - 37*q**2 + 43*q + 613. Determine x(35).
-332
Let g(k) = -1077*k + 9679. Determine g(9).
-14
Let p(u) = -u**3 - 10*u**2 + 23*u - 50. Calculate p(-12).
-38
Let g(z) = 6*z**2 + 112*z + 268. Calculate g(-16).
12
Let k(n) = -9*n - 14. Give k(15).
-149
Let u(a) = -a**3 - 85*a**2 + 82*a - 397. Give u(-86).
-53
Let v(f) = 152*f - 2784. What is v(19)?
104
Let n(j) = j**3 - 27*j**2 + 76*j - 14. What is n(24)?
82
Let m(c) = -c**2 - 64*c + 2332. Determine m(-91).
-125
Let w(o) = -51*o - 700. Calculate w(-15).
65
Let o(s) = 3*s**2 + 7*s - 50. Determine o(4).
26
Let n(k) = -2*k**3 + 52*k**2 + 177*k - 90. Determine n(29).
-3
Let a(d) = 2*d**2 - 45*d - 119. What is a(15)?
-344
Let j(i) = 5*i**3 - 16*i**2 + 19*i - 49. Give j(3).
-1
Let k(u) = 4*u**3 - 25*u**2 + 3*u + 4. Determine k(7).
172
Let p(k) = -336*k + 6057. What is p(18)?
9
Let d(g) = -237*g - 2863. Give d(-12).
-19
Let y(j) = 49*j + 3770. Determine y(-77).
-3
Let n(t) = -t**3 + 70*t**2 + 1318*t - 3648. Calculate n(85).
7
Let i(a) = 2*a**3 + 48*a**2 + 210*a - 14. Give i(-17).
462
Let g(v) = -11*v**2 - 76*v - 29. What is g(-7)?
-36
Let v(j) = -138*j - 103. Calculate v(-5).
587
Let q(s) = -s**3 + 14*s**2 + 16*s - 29. Determine q(15).
-14
Let w(j) = 5*j**3 + 854*j**2 - 168*j + 510. Calculate w(-171).
-3
Let l(j) = -81*j - 1298. Give l(-15).
-83
Let i(r) = 2*r**3 - 36*r**2 + 69*r - 47. Give i(16).
33
Let s(d) = 495*d + 9399. Give s(-19).
-6
Let c(v) = v**2 + 50*v - 224. Calculate c(-54).
-8
Let m(k) = 13*k**3 + 5*k**2 - 671*k - 1343. Determine m(-2).
-85
Let q(f) = f**2 + 26*f - 361. What is q(-36)?
-1
Let a(v) = 37*v + 50. What is a(-1)?
13
Let l(z) = 255*z + 5348. Calculate l(-2